{"id":39892,"date":"2020-01-29T08:09:28","date_gmt":"2020-01-29T08:09:28","guid":{"rendered":"https:\/\/canterburypottery.com\/shop\/?post_type=product&#038;p=39892"},"modified":"2024-12-30T17:34:20","modified_gmt":"2024-12-30T17:34:20","slug":"chip-and-dip-bowl","status":"publish","type":"product","link":"https:\/\/canterburypottery.com\/shop\/product\/chip-and-dip-bowl\/","title":{"rendered":"Chip and Dip Bowl"},"content":{"rendered":"<p>This Chip &#8216;n&#8217; Dip Bowl features a wide, plain rimmed, shallow outer bowl and deeper inner bowl. Perfect for all sorts of dips and tortilla chips, p\u00e2t\u00e9s and crudit\u00e9s and you can also use them as a decorative centrepiece with flowers or other decorations. Also available in a combination of plain and fluted rims and all fluted rims. Definitely an entertaining must have.<\/p>\n<p>Suitable to use in the oven, microwave and dishwasher.<\/p>\n","protected":false},"excerpt":{"rendered":"<p>This Chip &#8216;n&#8217; Dip Bowl features a wide, plain rimmed, shallow outer bowl and deeper inner bowl. Perfect for all sorts of dips and tortilla chips, p\u00e2t\u00e9s and crudit\u00e9s and you can also use them as a decorative centrepiece with flowers or other decorations. Also available in a combination of plain and fluted rims and&hellip;<\/p>\n","protected":false},"featured_media":39985,"comment_status":"open","ping_status":"closed","template":"","meta":{"om_disable_all_campaigns":false,"_monsterinsights_skip_tracking":false,"_monsterinsights_sitenote_active":false,"_monsterinsights_sitenote_note":"","_monsterinsights_sitenote_category":0},"product_brand":[],"product_cat":[239,241],"product_tag":[],"class_list":{"0":"post-39892","1":"product","2":"type-product","3":"status-publish","4":"has-post-thumbnail","6":"product_cat-bowls","7":"product_cat-serving-dishes","9":"first","10":"instock","11":"purchasable","12":"product-type-variable","13":"wvs-archive-product-wrapper"},"aioseo_notices":[],"_links":{"self":[{"href":"https:\/\/canterburypottery.com\/shop\/wp-json\/wp\/v2\/product\/39892","targetHints":{"allow":["GET"]}}],"collection":[{"href":"https:\/\/canterburypottery.com\/shop\/wp-json\/wp\/v2\/product"}],"about":[{"href":"https:\/\/canterburypottery.com\/shop\/wp-json\/wp\/v2\/types\/product"}],"replies":[{"embeddable":true,"href":"https:\/\/canterburypottery.com\/shop\/wp-json\/wp\/v2\/comments?post=39892"}],"wp:featuredmedia":[{"embeddable":true,"href":"https:\/\/canterburypottery.com\/shop\/wp-json\/wp\/v2\/media\/39985"}],"wp:attachment":[{"href":"https:\/\/canterburypottery.com\/shop\/wp-json\/wp\/v2\/media?parent=39892"}],"wp:term":[{"taxonomy":"product_brand","embeddable":true,"href":"https:\/\/canterburypottery.com\/shop\/wp-json\/wp\/v2\/product_brand?post=39892"},{"taxonomy":"product_cat","embeddable":true,"href":"https:\/\/canterburypottery.com\/shop\/wp-json\/wp\/v2\/product_cat?post=39892"},{"taxonomy":"product_tag","embeddable":true,"href":"https:\/\/canterburypottery.com\/shop\/wp-json\/wp\/v2\/product_tag?post=39892"}],"curies":[{"name":"wp","href":"https:\/\/api.w.org\/{rel}","templated":true}]}}